y, 0 = -3*j + 3*y + 39. What is the remainder when n is divided by j?
11
Suppose 0 = -4*y + 20 + 8. Suppose 3*g = 2*g + 19. What is the remainder when g is divided by y?
5
Let p(o) = -4*o**2 - 3*o - 5. Let x(u) = -1. Let j(q) = -p(q) + 4*x(q). Let l be (45/(-60))/((-2)/8). What is the remainder when j(l) is divided by 16?
14
Let s = 25 - 23. Let r = 12 - 5. What is the remainder when r is divided by s?
1
Calculate the remainder when (10 + 3 - -2) + 0 is divided by 4.
3
Suppose -f - 55 = -6*f + 3*s, f - 5*s - 33 = 0. Let d = f + -1. Suppose 7 - 2 = o. What is the remainder when d is divided by o?
2
Let d = 189 + -71. Calculate the remainder when d is divided by 30.
28
Let s(i) = -i**3 - 7*i**2 - 10*i - 7. Let y(x) = x**3 - 3*x**2 - 2*x. Let c be y(3). What is the remainder when s(c) is divided by 6?
5
Let l(u) = 7*u**2 + u + 1. Suppose 2*p - 4*p = 12. What is the remainder when (-54)/(-4) + p/4 is divided by l(-1)?
5
Suppose 5*c = 14*c - 72. Calculate the remainder when c is divided by 3.
2
Suppose 2*u + 1 = c, 4*u - 7 + 0 = -c. Let k(x) = 2*x**2 + x - 1. What is the remainder when k(c) is divided by 7?
6
Let f(x) = 5*x - 4. What is the remainder when 30 is divided by f(3)?
8
Let s be (-12)/42 - (-16)/7. Calculate the remainder when 46 is divided by (30/s)/1 + -3.
10
Suppose -25 = -4*k - u, 2*u = -4*k + 4*u + 10. What is the remainder when 8*((-44)/(-16) + -1) is divided by k?
4
Let x(i) = -i**3 + 19*i**2 + 20*i + 20. Calculate the remainder when 97 is divided by x(20).
17
Suppose -o + 4*q = 8, -6*o + 4*o + q + 12 = 0. Let p be 268/5 + o/20. Suppose p = 2*l + l. Calculate the remainder when 34 is divided by l.
16
Let f(z) = z**3 - 7*z**2 + 7*z - 7. Let x be f(6). Let u = x - 2. Let p = -2 - u. Calculate the remainder when p is divided by 1.
0
Let z = 2 - -2. Let y = 57 + z. Calculate the remainder when y is divided by 21.
19
Let s(d) = -d. Let z be s(8). Let q be (1/2)/((-2)/z). What is the remainder when -3 + q - (1 + -18) is divided by 6?
4
Let p be (-8)/36 + (-112)/(-18). Let v be 62/(-6) - p/(-18). Calculate the remainder when (-4)/v - 332/(-20) is divided by 9.
8
Suppose -4 - 1 = -j. Let h(a) = j + 5*a + a - a + a**2 - a. Calculate the remainder when 38 is divided by h(-5).
8
Suppose -4*b = 3*a - 13, -2*a - 2*b = -0*a - 10. Suppose -u + 4*v + 16 = 5, 0 = 5*u + 2*v - 143. What is the remainder when u is divided by a?
6
Suppose 0*y = 2*y - 40. Let z = 18 + y. What is the remainder when z is divided by 13?
12
Let w = 9 + -5. Suppose 3*b + 5*g = 6*g + 73, -b = -w*g - 6. Calculate the remainder when b is divided by (-1 - -2) + 13/1.
12
Suppose 5*r - 2*r = 132. Suppose 3*y - 231 = -2*p + r, -186 = -2*y - 2*p. Calculate the remainder when y is divided by 23.
20
Calculate the remainder when (1/(-5))/((-4)/260) is divided by 8.
5
Let k = 11 - 1. What is the remainder when 37 is divided by k?
7
Let g = 18 + -4. Calculate the remainder when 52 is divided by g.
10
Let z(l) = l**3 - 4*l**2 - 3*l + 1. What is the remainder when 118 is divided by z(5)?
8
Let b(k) = -k**2 + 3*k + 28. What is the remainder when b(5) is divided by 3?
0
Let t(m) = 2*m**3 - 3*m**2 + m - 1. Let a be t(2). Suppose 0 = a*r - 22 - 8. Let x = r - -2. Calculate the remainder when x is divided by 5.
3
Let t(q) = q - 1. Let c(o) = o**2 + 6*o + 6. Let w be c(-6). Calculate the remainder when 61/7 + 4/14 is divided by t(w).
4
Let j = -46 - -59. Calculate the remainder when 36 is divided by j.
10
Let s(p) = 3*p**3 + 1. Let a be s(1). Calculate the remainder when 8 is divided by 1*a*9/12.
2
Suppose 21 = 2*d - 3*m, 3*d - 5*m = -m + 29. Suppose 3*y = 4*y - 12. Calculate the remainder when y is divided by -1 - 1 - d*-3.
5
Suppose -36*d + 15 = -31*d. Calculate the remainder when 24 is divided by d.
0
Let a(q) = -q**3 - 3*q**2 - q + 1. Calculate the remainder when 75 is divided by a(-4).
12
Let n(i) = 6*i - 3. Calculate the remainder when 9 is divided by n(1).
0
Let t = 8 + -6. Suppose 2*y = -t*y + 208. Let k(n) = 2*n - 24. Calculate the remainder when y is divided by k(21).
16
Let u(j) = -j**3 + 8*j**2 - 6*j + 10. What is the remainder when 32 is divided by u(7)?
15
Let g be -3 - (3 + -26) - -2. Let t = g + -13. What is the remainder when 23 is divided by t?
5
Suppose -34 = 6*z - 106. Suppose -z = -6*w + 5*w. What is the remainder when 46 is divided by w?
10
Suppose o + 3*o - 8 = -5*t, -o - 5*t + 2 = 0. Suppose -n = -2*v - o*v + 11, -3*n = 4*v - 15. What is the remainder when 14 is divided by (-2)/(-2*v/24)?
6
Let f be (-6)/(-2 - 1) - -1. Let v be (0 - -4)*f/4. Suppose -3 + 6 = -3*d - 3*q, 0 = v*d + 4*q + 5. What is the remainder when 1 is divided by d?
0
Suppose c = -5*l + 6*c + 55, -4*c = 2*l - 10. Let f(w) = 4*w + 2. Let p be f(2). Suppose s + s = p. Calculate the remainder when l is divided by s.
4
Let d be 30/8 + 2/8. Suppose 0 = d*l + n - 23, l + 0 + 10 = 5*n. Suppose 124 = l*s - s. Calculate the remainder when s is divided by 11.
9
Let w(y) = y**2 - 5*y + 17. Calculate the remainder when 51 is divided by w(4).
12
Suppose -4*a = 4*y - 72, 22 - 6 = 2*y - 2*a. Suppose 3*q - 6*q + 3*t + 69 = 0, -2*q + 4*t + 44 = 0. Calculate the remainder when q is divided by y.
11
Let x(m) = m**3 + 5*m**2 + 2*m - 7. Let l = 5 - 3. What is the remainder when (-1)/2 - (-29)/l is divided by x(-3)?
4
Suppose -5*p = -5*v - 185, -3*v - 59 - 132 = -5*p. Let j = p + -22. What is the remainder when j is divided by 10?
8
Let a(j) = -j**3 + 4*j**2 - 3*j + 4. Let q be a(3). Suppose 2*h + 3*k = 111, 0*h + 4*h - q*k = 192. What is the remainder when h is divided by 13?
12
Suppose -83*v + 60 = -78*v. What is the remainder when 59 is divided by v?
11
Let f(k) = -6*k - 12. Suppose 0 = -5*n + 2*m - 38, -3*n + 4*m = -0*m + 34. Calculate the remainder when 69 is divided by f(n).
21
Let d(f) = -f**3 + 8*f**2 - 7*f + 8. Let c be d(7). Let t(y) = -7*y - 7*y**2 + 0*y**3 - y + y**3 + 5. Calculate the remainder when 13 is divided by t(c).
3
Suppose 0 = 7*t - 529 + 53. Calculate the remainder when t is divided by 24.
20
Suppose -310 = 4*t - 6*t - 3*y, 0 = -4*t + 3*y + 638. Calculate the remainder when t is divided by 53.
52
Suppose -4*k + 2*k = -122. Calculate the remainder when k is divided by 21.
19
Let i = 13 + -6. Suppose -3*r - 11 = -4*r - 4*c, -3*r = -4*c - 1. Suppose -6*j + 3*j + 27 = 5*f, -3*j + 3 = -r*f. What is the remainder when i is divided by j?
3
Let y = -12 - -29. Calculate the remainder when y is divided by 52/8 - (-1)/(-2).
5
Let y = 17 - 5. Suppose 0 = -3*k + k + y. What is the remainder when 10 is divided by k?
4
Suppose -61*i = -56*i - 60. Suppose 3*h - 72 = -3*k, 2*k = -0*k + 6. Calculate the remainder when h is divided by i.
9
Let u = 47 + -32. What is the remainder when 72 is divided by u?
12
Let x = 12 - -5. What is the remainder when 50 is divided by x?
16
Suppose 3*l = 2*h + 14, -l - 5*h + 0 - 1 = 0. Suppose 38 = l*v - 10. Let s(w) = 34*w + 1. Calculate the remainder when s(1) is divided by v.
11
Suppose 0*j = -j - 4*o - 14, 2*o = -j - 4. Calculate the remainder when (-1 + -5)*80/(-30) is divided by j.
4
Suppose 25 = 3*s - 5*u - 13, 0 = 4*s + u - 89. Calculate the remainder when 40 is divided by s.
19
Suppose 4*q = -2*h - 8, -4*h - 3*q + 12 = -2*q. Suppose o + 0*o - 36 = 5*i, -o = -2*i - 21. Let w = o + -9. Calculate the remainder when h is divided by w.
0
Let a(c) = 2*c - 3. Let k(h) = -h**3 + 2*h**2 + 6*h - 5. Calculate the remainder when a(6) is divided by k(3).
1
Suppose 0 = -3*q + 5*g + 92, -2*q - 2*g + 38 = -2. Calculate the remainder when q is divided by 5.
4
Suppose -3*j - 47 = -4*v, -2*v + j + 18 = -7. What is the remainder when 68 is divided by v?
12
Suppose -q = 1, 2*x - 3*x + 1 = -q. Suppose x = -2*u + 4*u + 60. What is the remainder when 35 is divided by (-3 + u/(-8))*12?
8
Suppose -2*f + 2 = 0, 2*f = p - 0*f - 9. Calculate the remainder when 29 is divided by p.
7
Suppose 188 = -3*u + 677. Suppose -5*a - 5*x + 187 = -x, u = 5*a - 4*x. What is the remainder when a is divided by 19?
16
Let h = 106 + -97. Calculate the remainder when 31 is divided by h.
4
Let v(f) = 2*f - 7. Let w(m) = -m**2 + 7*m - 4. Let r be w(6). Calculate the remainder when 224/8*r/4 is divided by v(6).
4
Suppose 5*i = -3*h + 108, h - 2*i - 37 = -4*i. Let w(a) = a**3 + 12*a**2 - 16*a - 28. What is the remainder when h 